 5 + -354?
-347
In base 9, what is -3 - -5525?
5522
In base 16, what is -32 - a?
-3c
In base 7, what is -2 - -531?
526
In base 14, what is 0 - -121?
121
In base 13, what is 5 + -722?
-71a
In base 12, what is -12 + -11?
-23
In base 16, what is -44 + -10?
-54
In base 7, what is 1024 + 2?
1026
In base 15, what is 1 - 539?
-538
In base 3, what is -101 + -12101?
-12202
In base 10, what is 137 + -48?
89
In base 8, what is -6 + -44?
-52
In base 6, what is -4 - -123?
115
In base 9, what is 151 - 6?
144
In base 15, what is 8 + -4?
4
In base 8, what is 3203 + 5?
3210
In base 11, what is -5 + -4a6?
-500
In base 14, what is 15 + 1d?
34
In base 7, what is -1 - -121?
120
In base 13, what is 2b + -2?
29
In base 3, what is 10011210 + 0?
10011210
In base 10, what is -103 + -2?
-105
In base 15, what is -26 - -30?
9
In base 13, what is 321 + 1?
322
In base 10, what is -65 + 11?
-54
In base 10, what is -123 + 0?
-123
In base 11, what is -47 - 4?
-50
In base 4, what is -123331 - 1?
-123332
In base 12, what is -43 - -39?
-6
In base 10, what is 1818 - 4?
1814
In base 7, what is 22 + 4?
26
In base 7, what is 434 + -33?
401
In base 7, what is 4 - -2062?
2066
In base 2, what is -101 - -11000010?
10111101
In base 2, what is 11011000011000 + 10?
11011000011010
In base 2, what is -101 + 10100?
1111
In base 14, what is 1 + -2?
-1
In base 7, what is -221 - 2?
-223
In base 10, what is 598 - -7?
605
In base 13, what is 1b3 + 1?
1b4
In base 16, what is -14b3 + 1?
-14b2
In base 3, what is -101112 - 20?
-101202
In base 13, what is 189 - -41?
1ca
In base 9, what is 325 - 108?
216
In base 10, what is -7 + -179?
-186
In base 6, what is 13 - -52?
105
In base 15, what is -5 - 4a4?
-4a9
In base 12, what is 206 - -6?
210
In base 15, what is -5 - a4?
-a9
In base 15, what is -2b + a2?
76
In base 3, what is -110221 - -12?
-110202
In base 6, what is -33 - 40?
-113
In base 14, what is -4 + -b?
-11
In base 3, what is 1 + -10?
-2
In base 8, what is 1764 - -5?
1771
In base 3, what is 2 + 1012?
1021
In base 13, what is -4ac + -1c?
-4cb
In base 12, what is -a - -3b2?
3a4
In base 6, what is -240 - -5?
-231
In base 12, what is -a + 208?
1ba
In base 10, what is 1 + 11?
12
In base 7, what is 2 + -21?
-16
In base 3, what is 12 + -120?
-101
In base 11, what is -667 - 3?
-66a
In base 10, what is -96 + 5?
-91
In base 4, what is -3 + -2333?
-3002
In base 10, what is -3 + 33?
30
In base 5, what is -20401 + -10?
-20411
In base 16, what is 5c + -11?
4b
In base 7, what is 154 + -2?
152
In base 6, what is 10455 + -10?
10445
In base 11, what is 4 - 56?
-52
In base 2, what is 101 + -111001?
-110100
In base 11, what is -64 - -19?
-46
In base 13, what is 4 - -964?
968
In base 14, what is -10 - a?
-1a
In base 6, what is -3523 + 0?
-3523
In base 12, what is -10 + 52?
42
In base 15, what is -1 - ee0?
-ee1
In base 10, what is -1 - -33?
32
In base 12, what is -1 - 260?
-261
In base 4, what is -11 - -13?
2
In base 6, what is 4 - -310?
314
In base 16, what is 18a4 - 5?
189f
In base 14, what is 4 + -4d?
-49
In base 4, what is 1010 + 11?
1021
In base 13, what is -4 - -6a?
66
In base 5, what is 1 + -400?
-344
In base 7, what is -2 + -12561?
-12563
In base 5, what is -1 + -40?
-41
In base 15, what is 2 + -9b?
-99
In base 13, what is -1b6 + -43?
-229
In base 16, what is 6 - -c?
12
In base 9, what is 2 + -1475?
-1473
In base 6, what is 0 - -3334?
3334
In base 5, what is 413 + -223?
140
In base 16, what is 3 - -44?
47
In base 10, what is 38 - -1?
39
In base 12, what is -5 - -228?
223
In base 12, what is -99 - -84?
-15
In base 9, what is 642 - 14?
627
In base 8, what is -5 + -1673?
-1700
In base 12, what is 58 - -10?
68
In base 8, what is -4 - 115?
-121
In base 10, what is -3 + 3?
0
In base 9, what is 6 - -45?
52
In base 9, what is 36 - -12?
48
In base 13, what is -197 + -5?
-19c
In base 3, what is -2121011 + -2?
-2121020
In base 15, what is 3e - -10?
4e
In base 6, what is 44 - 212?
-124
In base 8, what is 2103 + 1?
2104
In base 3, what is 0 + -10012010?
-10012010
In base 12, what is -1545 - 6?
-154b
In base 11, what is -23 + 28?
5
In base 6, what is 1 - -235?
240
In base 8, what is -5 - 26?
-33
In base 4, what is -1333 - 2?
-2001
In base 11, what is 203 - 5?
1a9
In base 10, what is 15 - -42?
57
In base 7, what is 26 - -35?
64
In base 13, what is -17 + 60?
46
In base 15, what is -3 + -6a?
-6d
In base 5, what is 331314 - -2?
331321
In base 5, what is 4 - -323?
332
In base 13, what is -16c - 30?
-19c
In base 11, what is 5a2 - -5?
5a7
In base 9, what is 706 - -5?
712
In base 4, what is -33210 - 11?
-33221
In base 10, what is -197 + -3?
-200
In base 13, what is -bac1 + -5?
-bac6
In base 12, what is -29 - -1?
-28
In base 14, what is -33 - a?
-3d
In base 14, what is 0 - -36?
36
In base 9, what is -518 + -5?
-524
In base 5, what is -22 - 114?
-141
In base 8, what is 6 - 0?
6
In base 9, what is -372 + -5?
-377
In base 16, what is 11d - 3?
11a
In base 16, what is -1d39 + 0?
-1d39
In base 5, what is -20 - 110204?
-110224
In base 11, what is -5879 - 1?
-587a
In base 10, what is -5 + -1471?
-1476
In base 12, what is 1bb - 2?
1b9
In base 14, what is -16c2 - 1?
-16c3
In base 12, what is 0 + 52?
52
In base 2, what is -111110 + -1111010?
-10111000
In base 7, what is 2 - -533?
535
In base 14, what is 58 + 61?
b9
In base 9, what is 2 - -34?
36
In base 3, what is -1101011 - -1?
-1101010
In base 5, what is -201 + 402?
201
In base 2, what is -10000110 + 0?
-10000110
In base 4, what is 223210 + -11?
223133
In base 14, what is -28 - 0?
-28
In base 4, what is -10032 + -21?
-10113
In base 6, what is 22 + -111?
-45
In base 5, what is 22124 + -4?
22120
In base 4, what is -2331 - 11?
-3002
In base 2, what is -10110010 - 1010110?
-100001000
In base 9, what is 5 + -358?
-353
In base 11, what is 0 + -316?
-316
In base 16, what is 38d5 - -1?
38d6
In base 7, what is -3 - 33?
-36
In base 3, what is 1120110 + -12?
1120021
In base 14, what is 2 - -527?
529
In base 7, what is -53 - -405?
322
In base 4, what is 10222111 - 0?
10222111
In base 16, what is -151 - -3?
-14e
In base 11, what is 220 - 3?
218
In base 12, what is 0 - -35?
35
In base 5, what is 11 - 3040?
-3024
In base 3, what is 12201202 - -1?
12201210
In base 16, what is -498a + 1?
-4989
In base 10, what is -212 + 59?
-153
In base 3, what is 0 - 1201011?
-1201011
In base 7, what is 50041 + -1?
50040
In base 2, what is -10110 + 111101?
100111
In base 16, what is 76 + 3?
79
In base 7, what is 4 + -4355?
-4351
In base 15, what is -38 - -3d?
5
In base 6, what is 124 + -4?
120
In base 3, what is -10 + 111220?
111210
In base 15, what is 12a + 0?
12a
In base 8, what is 1 + 2211?
2212
In base 2, what is -1 - -1010001111?
1010001110
In base 7, what is 36 - 552?
-513
In base 3, what is -1 + 2022102?
2022101
In base 5, what is 12042 - 10?
12032
In base 13, what is -106 - 5?
-10b
In base 11, what is 87 + -13?
74
In base 4, what is 1131 + -3?
1122
In base 14, what is 1899 + 4?
189d
In base 6, what is -53 - -2?
-51
In base 5, what is -3 - 11243?
-11301
In base 5, what is 1 - 2133?
-2132
In base 16, what is -2 + -1b1?
-1b3
In base 4, what is -10 + -30011?
-30021
In base 16, what is -8 - c4?
-cc
In base 10, what is 170 - -8?
178
In base 12, what is -3 - -153?
150
In base 5, what is 4 + 12203?
12212
In base 8, what is 40 + -167?
-127
In base 10, what is -16 + -12?
-28
In base 3, what is 20 + -1010101?
-1010011
In base 12, what is -39 + -1?
-3a
In base 2, what is -100 + -1110100?
-1111000
In base 7, what is -3 + -20416?
-20422
In base 7, what is 105 + 5?
113
In base 7, what is 345 - 110?
235
In base 15, what is -2 + 18?
16
In base 8, what is -52 - -51?
-1
In base 3, what is -1 - -200200?
200122
In base 2, what is -11 + -1100001?
-1100100
In base 5, what is 2 + 12033?
12040
In base 3, what is 1010 + -2?
1001
In base 11, what is 3 - -71?
74
In base 3, what is 110002 + -2?
110000
In base 16, what is 10 - -7?
17
In base 15, what is -26 - -4?
-22
In base 7, what is 4 - 24230?
-24223
In base 9, what is 3 + 60?
63
In base 12, what is 502 - -1?
503
In base 4, what is 1 - -2?
3
In base 3, what is -10 + 1110?
1100
In base 15, what is 5 - -477?
47c
In base 13, what is bb - 20?
9b
In base 10, what is -5 + 622?
617
In base 14, what is -32 + 27?
-9
In base 3, what is 2211221 - 11?
2211210
In base 9, what is -7 - 546?
-554
In base 5,